{"id":29,"date":"2015-06-25T13:02:35","date_gmt":"2015-06-25T13:02:35","guid":{"rendered":"http:\/\/akys.kapsi.fi\/wordpress\/?page_id=29"},"modified":"2025-03-21T17:08:05","modified_gmt":"2025-03-21T17:08:05","slug":"jaseneksi","status":"publish","type":"page","link":"https:\/\/akys.kapsi.fi\/wordpress\/koti\/arabikansojen-ystavyyseura\/jaseneksi\/","title":{"rendered":"Tule j\u00e4seneksi!"},"content":{"rendered":"\n<p>Liity j\u00e4seneksi t\u00e4ytt\u00e4m\u00e4ll\u00e4 ja l\u00e4hett\u00e4m\u00e4ll\u00e4 alla oleva lomake. <strong>\u00a0Vuoden 2025 j\u00e4senmaksu on 25 euroa, <\/strong>pienituloiset\u00a0(esim. ty\u00f6tt\u00f6m\u00e4t, opiskelijat) voivat halutessaan maksaa <strong>alennetun j\u00e4senmaksun 10 euroa.<\/strong>\u00a0 Seura on kiitollinen my\u00f6s ylim\u00e4\u00e4r\u00e4isest\u00e4 tuesta. J\u00e4senten pit\u00e4\u00e4 hyv\u00e4ksy\u00e4 yhdistyksen <a href=\"http:\/\/akys.kapsi.fi\/wordpress\/saannot\/\">s\u00e4\u00e4nn\u00f6t<\/a>.\u00a0 J\u00e4senmaksu maksetaan alla olevalle tilille.<\/p>\n\n\n\n<p>J\u00e4senmaksutili FI97 8000 1201 6693 56, viite 70001<\/p>\n\n\n\n<div class=\"wp-block-contact-form-7-contact-form-selector\">\n<div class=\"wpcf7 no-js\" id=\"wpcf7-f282-o1\" lang=\"fi\" dir=\"ltr\" data-wpcf7-id=\"282\">\n<div class=\"screen-reader-response\"><p role=\"status\" aria-live=\"polite\" aria-atomic=\"true\"><\/p> <ul><\/ul><\/div>\n<form action=\"\/wordpress\/wp-json\/wp\/v2\/pages\/29#wpcf7-f282-o1\" method=\"post\" class=\"wpcf7-form init\" aria-label=\"Yhteydenottolomake\" novalidate=\"novalidate\" data-status=\"init\">\n<fieldset class=\"hidden-fields-container\"><input type=\"hidden\" name=\"_wpcf7\" value=\"282\" \/><input type=\"hidden\" name=\"_wpcf7_version\" value=\"6.1.5\" \/><input type=\"hidden\" name=\"_wpcf7_locale\" value=\"fi\" \/><input type=\"hidden\" name=\"_wpcf7_unit_tag\" value=\"wpcf7-f282-o1\" \/><input type=\"hidden\" name=\"_wpcf7_container_post\" value=\"0\" \/><input type=\"hidden\" name=\"_wpcf7_posted_data_hash\" value=\"\" \/>\n<\/fieldset>\n<p>Etu- ja sukunimet:<br \/>\n<span class=\"wpcf7-form-control-wrap\" data-name=\"nimi\"><input size=\"40\" maxlength=\"400\" class=\"wpcf7-form-control wpcf7-text wpcf7-validates-as-required\" aria-required=\"true\" aria-invalid=\"false\" value=\"\" type=\"text\" name=\"nimi\" \/><\/span>\n<\/p>\n<p>Postiosoite:<br \/>\n<span class=\"wpcf7-form-control-wrap\" data-name=\"osoite\"><input size=\"40\" maxlength=\"400\" class=\"wpcf7-form-control wpcf7-text\" aria-invalid=\"false\" value=\"\" type=\"text\" name=\"osoite\" \/><\/span>\n<\/p>\n<p>S\u00e4hk\u00f6posti:<br \/>\n<span class=\"wpcf7-form-control-wrap\" data-name=\"your-email\"><input size=\"40\" maxlength=\"400\" class=\"wpcf7-form-control wpcf7-email wpcf7-text wpcf7-validates-as-email\" aria-invalid=\"false\" value=\"\" type=\"email\" name=\"your-email\" \/><\/span>\n<\/p>\n<p>J\u00e4senmaksun tyyppi:<br \/>\n<span class=\"wpcf7-form-control-wrap\" data-name=\"tyyppi\"><span class=\"wpcf7-form-control wpcf7-radio\"><span class=\"wpcf7-list-item first\"><span class=\"wpcf7-list-item-label\">Normaali<\/span><input type=\"radio\" name=\"tyyppi\" value=\"Normaali\" \/><\/span><span class=\"wpcf7-list-item last\"><span class=\"wpcf7-list-item-label\">Alennusryhm\u00e4t<\/span><input type=\"radio\" name=\"tyyppi\" value=\"Alennusryhm\u00e4t\" \/><\/span><\/span><\/span>\n<\/p>\n<p>Viestint\u00e4 yhdistyksen kanssa:<br \/>\n<span class=\"wpcf7-form-control-wrap\" data-name=\"viestit\"><span class=\"wpcf7-form-control wpcf7-radio\"><span class=\"wpcf7-list-item first\"><span class=\"wpcf7-list-item-label\">S\u00e4hk\u00f6postitse<\/span><input type=\"radio\" name=\"viestit\" value=\"S\u00e4hk\u00f6postitse\" \/><\/span><span class=\"wpcf7-list-item last\"><span class=\"wpcf7-list-item-label\">Kirjeitse<\/span><input type=\"radio\" name=\"viestit\" value=\"Kirjeitse\" \/><\/span><\/span><\/span>\n<\/p>\n<p>Lis\u00e4tietoja:<br \/>\n<span class=\"wpcf7-form-control-wrap\" data-name=\"lisatiedot\"><input size=\"40\" maxlength=\"400\" class=\"wpcf7-form-control wpcf7-text\" aria-invalid=\"false\" value=\"\" type=\"text\" name=\"lisatiedot\" \/><\/span>\n<\/p>\n<p><input class=\"wpcf7-form-control wpcf7-submit has-spinner\" type=\"submit\" value=\"L\u00e4het\u00e4\" \/>\n<\/p><p style=\"display: none !important;\" class=\"akismet-fields-container\" data-prefix=\"_wpcf7_ak_\"><label>&#916;<textarea name=\"_wpcf7_ak_hp_textarea\" cols=\"45\" rows=\"8\" maxlength=\"100\"><\/textarea><\/label><input type=\"hidden\" id=\"ak_js_1\" name=\"_wpcf7_ak_js\" value=\"23\"\/><script>document.getElementById( \"ak_js_1\" ).setAttribute( \"value\", ( new Date() ).getTime() );<\/script><\/p><div class=\"wpcf7-response-output\" aria-hidden=\"true\"><\/div>\n<\/form>\n<\/div>\n<\/div>\n","protected":false},"excerpt":{"rendered":"<p>Liity j\u00e4seneksi t\u00e4ytt\u00e4m\u00e4ll\u00e4 ja l\u00e4hett\u00e4m\u00e4ll\u00e4 alla oleva lomake. \u00a0Vuoden 2025 j\u00e4senmaksu on 25 euroa, pienituloiset\u00a0(esim. ty\u00f6tt\u00f6m\u00e4t, opiskelijat) voivat halutessaan maksaa alennetun j\u00e4senmaksun 10 euroa.\u00a0 Seura on kiitollinen my\u00f6s ylim\u00e4\u00e4r\u00e4isest\u00e4 tuesta. &hellip; <\/p>\n<p class=\"link-more\"><a href=\"https:\/\/akys.kapsi.fi\/wordpress\/koti\/arabikansojen-ystavyyseura\/jaseneksi\/\" class=\"more-link\">Jatka lukemista<span class=\"screen-reader-text\"> &#8221;Tule j\u00e4seneksi!&#8221;<\/span><\/a><\/p>\n","protected":false},"author":1,"featured_media":0,"parent":27,"menu_order":0,"comment_status":"closed","ping_status":"open","template":"","meta":{"footnotes":""},"class_list":["post-29","page","type-page","status-publish","hentry","entry"],"_links":{"self":[{"href":"https:\/\/akys.kapsi.fi\/wordpress\/wp-json\/wp\/v2\/pages\/29","targetHints":{"allow":["GET"]}}],"collection":[{"href":"https:\/\/akys.kapsi.fi\/wordpress\/wp-json\/wp\/v2\/pages"}],"about":[{"href":"https:\/\/akys.kapsi.fi\/wordpress\/wp-json\/wp\/v2\/types\/page"}],"author":[{"embeddable":true,"href":"https:\/\/akys.kapsi.fi\/wordpress\/wp-json\/wp\/v2\/users\/1"}],"replies":[{"embeddable":true,"href":"https:\/\/akys.kapsi.fi\/wordpress\/wp-json\/wp\/v2\/comments?post=29"}],"version-history":[{"count":20,"href":"https:\/\/akys.kapsi.fi\/wordpress\/wp-json\/wp\/v2\/pages\/29\/revisions"}],"predecessor-version":[{"id":5299,"href":"https:\/\/akys.kapsi.fi\/wordpress\/wp-json\/wp\/v2\/pages\/29\/revisions\/5299"}],"up":[{"embeddable":true,"href":"https:\/\/akys.kapsi.fi\/wordpress\/wp-json\/wp\/v2\/pages\/27"}],"wp:attachment":[{"href":"https:\/\/akys.kapsi.fi\/wordpress\/wp-json\/wp\/v2\/media?parent=29"}],"curies":[{"name":"wp","href":"https:\/\/api.w.org\/{rel}","templated":true}]}}