{"id":27,"date":"2015-06-25T13:01:34","date_gmt":"2015-06-25T13:01:34","guid":{"rendered":"http:\/\/akys.kapsi.fi\/wordpress\/?page_id=27"},"modified":"2025-12-15T19:53:34","modified_gmt":"2025-12-15T19:53:34","slug":"arabikansojen-ystavyyseura","status":"publish","type":"page","link":"https:\/\/akys.kapsi.fi\/wordpress\/koti\/arabikansojen-ystavyyseura\/","title":{"rendered":"Arabikansojen yst\u00e4vyysseura"},"content":{"rendered":"<p>Arabikansojen yst\u00e4vyysseura (AKYS) on perustettu vuonna 1976 edist\u00e4m\u00e4\u00e4n Suomen kansan ja arabikansojen yst\u00e4v\u00e4llisi\u00e4 suhteita ja\u00a0keskin\u00e4ist\u00e4 tuntemusta.<\/p>\n<p>Seura j\u00e4rjest\u00e4\u00e4 solidaarisuustoimintaa ulkovaltojen valtapyrkimysten ja sotien uhreiksi joutuneiden kansojen puolesta ja pyrkii edist\u00e4m\u00e4\u00e4n rauhanomaisia ratkaisuja alueen kriiseihin vaikuttamalla kotimaisiin ja kansainv\u00e4lisiin toimijoihin ja organisoimalla kansalaistoimintaa. Erityisesti Palestiinan kansan vapautumispyrkimykset vuosikymmeni\u00e4 kest\u00e4neest\u00e4 pakolaisuudesta ja laittomasta miehityksest\u00e4 ovat seuran tuen kohteena.<\/p>\n<p>Seura kannattaa demokratian, tasa-arvon ja v\u00e4hemmist\u00f6jen oikeuksien\u00a0toteutumista ja yleist\u00e4 sosiaalista ja taloudellista kehityst\u00e4\u00a0arabimaissa. Seuran toimintaan kuuluvat kehitysyhteisty\u00f6 ja\u00a0avustusprojektit. Huomattava osa toimintaa on humanitaarinen apu palestiinalaisalueilla ja pakolaisleireiss\u00e4,\u00a0kuten palestiinalaisten pakolaislasten kummiverkoston yll\u00e4pit\u00e4minen.<\/p>\n<p>Yksi seuran tavoitteista on oikaista Suomessa ja\u00a0yleens\u00e4 l\u00e4nsimaissa yh\u00e4 vallitsevia stereotypioita arabimaiden asukkaista kehittym\u00e4tt\u00f6min\u00e4, v\u00e4kivaltaa kannattavina ja l\u00e4nsimaille vihamielisin\u00e4 ihmisin\u00e4. My\u00f6s usein ilmenev\u00e4 tarkoituksellinen vastakkainasettelu l\u00e4nnen\u00a0ja arabi- ja laajemmin koko islamilaisen maailman v\u00e4lill\u00e4 on seuran mielest\u00e4 perusteetonta ja vahingollista. AKYS ei hyv\u00e4ksy mink\u00e4\u00e4nlaista etniseen taustaan tai uskontoon pohjautuvaa syrjint\u00e4\u00e4 ja vihanlietsontaa, mukaanluettuna <a href=\"http:\/\/akys.kapsi.fi\/wordpress\/arabikansojen-ystavyysseura-antisemitismista\/\">antisemitismi\u00e4<\/a>.<\/p>\n<p>Monia arabimaita vaivaavat poliittiset kriisit, yleinen taloudellinen ja sosiaalinen alikehittyneisyys sek\u00e4 hyv\u00e4n hallinnon ja demokratian puute. L\u00e4ntisen maailman suhde niihin\u00a0on ollut kolonialistinen alistussuhde. Imperialistiset vallat ovat hallinneet niit\u00e4 turvautuen usein sotilaalliseen voimaan ja verenvuodatukseen. Ne ovat vet\u00e4neet rajoja omien etupiiriens\u00e4 mukaan\u00a0ja tukeneet eri maita, hallitsijoita ja kansanryhmi\u00e4 omien taloudellisten ja strategisten etujensa mukaisesti. T\u00e4m\u00e4 politiikka jo sin\u00e4ns\u00e4 on luonut pohjaa moniin maita vaivaaviin kriiseihin ja yhteiskunnallisiin j\u00e4nnitteisiin. Ulkovaltojen alueellisen valtapolitiikan ohella autoritaaristen hallintojen harjoittama repressio on ruokkinut monen maan tragediana olevaa v\u00e4kivaltaa. Arabikansojen yst\u00e4vyysseura tuomitsee kaikenlaisen terrorin ja kansainv\u00e4lisen lain vastaiset v\u00e4kivallanteot ja hy\u00f6kk\u00e4ykset sek\u00e4 yksitt\u00e4isten ryhmien ett\u00e4 valtioiden taholta.<\/p>\n<p>Palestiinan vuosikymmeni\u00e4 jatkuneeseen kriisiin on saatava ratkaisu ja Palestiinan kansan\u00a0alistaminen on lopetettava. Palestiinalaisten on saatava itsen\u00e4inen, elinkelpoinen valtio ja palestiinalaispakolaiskysymys on ratkaistava tavalla, jonka my\u00f6s palestiinalaiset voivat hyv\u00e4ksy\u00e4.\u00a0Seura vaatii, ett\u00e4 Euroopan Unioni alkaa\u00a0k\u00e4ytt\u00e4\u00e4 tehokkaammin poliittista\u00a0ja taloudellista vaikutusvaltaansa\u00a0YK:n p\u00e4\u00e4t\u00f6slauselmien ja kansainv\u00e4lisen oikeuden vaatimusten toteutumiseksi historiallisen Palestiinan alueella.<\/p>\n<p>AKYS-lehti ilmestyy kaksi kertaa vuodessa. Se\u00a0on luettavissa <a href=\"https:\/\/akys.kapsi.fi\/wordpress\/arkistoidut-akys-lehdet\/\">nettisivuillamme<\/a> ja postitetaan j\u00e4senille.<\/p>\n<p>Rahanker\u00e4yslupa 28.8.2020: Poliisihallitus RA\/2020\/1032. Varat k\u00e4ytet\u00e4\u00e4n yhteisty\u00f6j\u00e4rjest\u00f6n sosiaality\u00f6n osana lasten ja perheidens\u00e4, p\u00e4iv\u00e4kotilasten ja kummivanhusten tukemiseen Libanonissa ja humanitaariseen avustusty\u00f6h\u00f6n Gazassa.<br \/>\nRekister\u00f6ity 20.10.1977, rekisteritunnus 124.465, <span class=\"st\">Y-tunnus: 0774016-7<br \/>\n<\/span>L\u00e4het\u00e4 yhdistyksellemme postia <a href=\"http:\/\/akys.kapsi.fi\/wordpress\/koti\/arabikansojen-ystavyyseura\/ota-yhteytta\/\">yhteyslomakkeella<\/a> tai kirjoittamalla suoraan <a href=\"http:\/\/akys.kapsi.fi\/wordpress\/koti\/arabikansojen-ystavyyseura\/hallitus\/\">hallituksen j\u00e4senille.<br \/>\n<\/a>Lis\u00e4tietoa j\u00e4senyydest\u00e4 ja liittymislomake on <a href=\"http:\/\/akys.kapsi.fi\/wordpress\/koti\/arabikansojen-ystavyyseura\/jaseneksi\/\">t\u00e4\u00e4ll\u00e4<\/a>.\u00a0 Yhdistyksen s\u00e4\u00e4nn\u00f6t on luettavissa\u00a0<a href=\"http:\/\/akys.kapsi.fi\/wordpress\/saannot\/\" target=\"_blank\" rel=\"noopener\">t\u00e4\u00e4ll\u00e4.<\/a><\/p>\n","protected":false},"excerpt":{"rendered":"<p>Arabikansojen yst\u00e4vyysseura (AKYS) on perustettu vuonna 1976 edist\u00e4m\u00e4\u00e4n Suomen kansan ja arabikansojen yst\u00e4v\u00e4llisi\u00e4 suhteita ja\u00a0keskin\u00e4ist\u00e4 tuntemusta. Seura j\u00e4rjest\u00e4\u00e4 solidaarisuustoimintaa ulkovaltojen valtapyrkimysten ja sotien uhreiksi joutuneiden kansojen puolesta ja pyrkii edist\u00e4m\u00e4\u00e4n &hellip; <\/p>\n<p class=\"link-more\"><a href=\"https:\/\/akys.kapsi.fi\/wordpress\/koti\/arabikansojen-ystavyyseura\/\" class=\"more-link\">Jatka lukemista<span class=\"screen-reader-text\"> &#8221;Arabikansojen yst\u00e4vyysseura&#8221;<\/span><\/a><\/p>\n","protected":false},"author":1,"featured_media":0,"parent":10,"menu_order":0,"comment_status":"closed","ping_status":"open","template":"","meta":{"footnotes":""},"class_list":["post-27","page","type-page","status-publish","hentry","entry"],"_links":{"self":[{"href":"https:\/\/akys.kapsi.fi\/wordpress\/wp-json\/wp\/v2\/pages\/27","targetHints":{"allow":["GET"]}}],"collection":[{"href":"https:\/\/akys.kapsi.fi\/wordpress\/wp-json\/wp\/v2\/pages"}],"about":[{"href":"https:\/\/akys.kapsi.fi\/wordpress\/wp-json\/wp\/v2\/types\/page"}],"author":[{"embeddable":true,"href":"https:\/\/akys.kapsi.fi\/wordpress\/wp-json\/wp\/v2\/users\/1"}],"replies":[{"embeddable":true,"href":"https:\/\/akys.kapsi.fi\/wordpress\/wp-json\/wp\/v2\/comments?post=27"}],"version-history":[{"count":30,"href":"https:\/\/akys.kapsi.fi\/wordpress\/wp-json\/wp\/v2\/pages\/27\/revisions"}],"predecessor-version":[{"id":5675,"href":"https:\/\/akys.kapsi.fi\/wordpress\/wp-json\/wp\/v2\/pages\/27\/revisions\/5675"}],"up":[{"embeddable":true,"href":"https:\/\/akys.kapsi.fi\/wordpress\/wp-json\/wp\/v2\/pages\/10"}],"wp:attachment":[{"href":"https:\/\/akys.kapsi.fi\/wordpress\/wp-json\/wp\/v2\/media?parent=27"}],"curies":[{"name":"wp","href":"https:\/\/api.w.org\/{rel}","templated":true}]}}